{"id":1231,"date":"2020-03-16T12:01:38","date_gmt":"2020-03-16T05:01:38","guid":{"rendered":"https:\/\/bidatranchan.web2s.vn\/?page_id=1231"},"modified":"2020-03-30T09:22:50","modified_gmt":"2020-03-30T02:22:50","slug":"album-anh","status":"publish","type":"page","link":"https:\/\/webpkbida.vidoweb.vn\/?page_id=1231","title":{"rendered":"Album \u1ea2nh"},"content":{"rendered":"\t<section class=\"section\" id=\"section_1447254399\">\n\t\t<div class=\"bg section-bg fill bg-fill  bg-loaded\" >\n\n\t\t\t\n\t\t\t\n\t\t\t\n\n\t\t<\/div>\n\n\t\t\n\n\t\t<div class=\"section-content relative\">\n\t\t\t\n<div class=\"block_title\">\n<h2 class=\"title_cat\"><span>ALBUM \u1ea2NH<\/span><\/h2>\n<\/div>\n\t\t<\/div>\n\n\t\t\n<style>\n#section_1447254399 {\n  padding-top: 30px;\n  padding-bottom: 30px;\n}\n#section_1447254399 .ux-shape-divider--top svg {\n  height: 150px;\n  --divider-top-width: 100%;\n}\n#section_1447254399 .ux-shape-divider--bottom svg {\n  height: 150px;\n  --divider-width: 100%;\n}\n<\/style>\n\t<\/section>\n\t\n\t<section class=\"section\" id=\"section_748320037\">\n\t\t<div class=\"bg section-bg fill bg-fill  bg-loaded\" >\n\n\t\t\t\n\t\t\t\n\t\t\t\n\n\t\t<\/div>\n\n\t\t\n\n\t\t<div class=\"section-content relative\">\n\t\t\t\n  <div class=\"banner-grid-wrapper\">\n  <div id=\"banner-grid-712205870\" class=\"banner-grid row row-grid row-collapse row-full-width\" data-packery-options=\"\">\n                      \n<div class=\"col grid-col small-14 large-4 grid-col-2-3\" data-animate=\"bounceIn\"><div class=\"col-inner\">\n\n  <div class=\"banner has-hover\" id=\"banner-66791916\">\n          <div class=\"banner-inner fill\">\n        <div class=\"banner-bg fill\" >\n            <div class=\"bg fill bg-fill \"><\/div>\n                                    \n                    <\/div>\n\t\t\n        <div class=\"banner-layers container\">\n            <div class=\"fill banner-link\"><\/div>            \n        <\/div>\n      <\/div>\n\n            \n<style>\n#banner-66791916 {\n  padding-top: 500px;\n  background-color: rgb(25, 25, 25);\n}\n#banner-66791916 .bg.bg-loaded {\n  background-image: url(https:\/\/webpkbida.vidoweb.vn\/wp-content\/uploads\/2020\/03\/bida1.jpg);\n}\n#banner-66791916 .ux-shape-divider--top svg {\n  height: 150px;\n  --divider-top-width: 100%;\n}\n#banner-66791916 .ux-shape-divider--bottom svg {\n  height: 150px;\n  --divider-width: 100%;\n}\n<\/style>\n  <\/div>\n\n\n<\/div><\/div>\n<div class=\"col grid-col small-13 large-4 grid-col-1-2\" data-animate=\"bounceIn\"><div class=\"col-inner\">\n\n  <div class=\"banner has-hover\" id=\"banner-66796105\">\n          <div class=\"banner-inner fill\">\n        <div class=\"banner-bg fill\" >\n            <div class=\"bg fill bg-fill \"><\/div>\n                                    \n                    <\/div>\n\t\t\n        <div class=\"banner-layers container\">\n            <div class=\"fill banner-link\"><\/div>            \n        <\/div>\n      <\/div>\n\n            \n<style>\n#banner-66796105 {\n  padding-top: 500px;\n  background-color: rgb(25, 25, 25);\n}\n#banner-66796105 .bg.bg-loaded {\n  background-image: url(https:\/\/webpkbida.vidoweb.vn\/wp-content\/uploads\/2020\/03\/bida6.jpg);\n}\n#banner-66796105 .ux-shape-divider--top svg {\n  height: 150px;\n  --divider-top-width: 100%;\n}\n#banner-66796105 .ux-shape-divider--bottom svg {\n  height: 150px;\n  --divider-width: 100%;\n}\n<\/style>\n  <\/div>\n\n\n<\/div><\/div>\n<div class=\"col grid-col small-12 large-4 grid-col-2-3\" data-animate=\"bounceIn\"><div class=\"col-inner\">\n\n  <div class=\"banner has-hover\" id=\"banner-1254503991\">\n          <div class=\"banner-inner fill\">\n        <div class=\"banner-bg fill\" >\n            <div class=\"bg fill bg-fill \"><\/div>\n                                    \n                    <\/div>\n\t\t\n        <div class=\"banner-layers container\">\n            <div class=\"fill banner-link\"><\/div>            \n        <\/div>\n      <\/div>\n\n            \n<style>\n#banner-1254503991 {\n  padding-top: 500px;\n  background-color: rgb(25, 25, 25);\n}\n#banner-1254503991 .bg.bg-loaded {\n  background-image: url(https:\/\/webpkbida.vidoweb.vn\/wp-content\/uploads\/2020\/03\/bida8.jpg);\n}\n#banner-1254503991 .ux-shape-divider--top svg {\n  height: 150px;\n  --divider-top-width: 100%;\n}\n#banner-1254503991 .ux-shape-divider--bottom svg {\n  height: 150px;\n  --divider-width: 100%;\n}\n<\/style>\n  <\/div>\n\n\n<\/div><\/div>\n<div class=\"col grid-col small-13 large-4 grid-col-2-3\" data-animate=\"bounceIn\"><div class=\"col-inner\">\n\n  <div class=\"banner has-hover\" id=\"banner-2115982905\">\n          <div class=\"banner-inner fill\">\n        <div class=\"banner-bg fill\" >\n            <div class=\"bg fill bg-fill \"><\/div>\n                                    \n                    <\/div>\n\t\t\n        <div class=\"banner-layers container\">\n            <div class=\"fill banner-link\"><\/div>            \n        <\/div>\n      <\/div>\n\n            \n<style>\n#banner-2115982905 {\n  padding-top: 500px;\n  background-color: rgb(25, 25, 25);\n}\n#banner-2115982905 .bg.bg-loaded {\n  background-image: url(https:\/\/webpkbida.vidoweb.vn\/wp-content\/uploads\/2020\/03\/bida4.jpg);\n}\n#banner-2115982905 .bg {\n  background-position: 0% 1%;\n}\n#banner-2115982905 .ux-shape-divider--top svg {\n  height: 150px;\n  --divider-top-width: 100%;\n}\n#banner-2115982905 .ux-shape-divider--bottom svg {\n  height: 150px;\n  --divider-width: 100%;\n}\n<\/style>\n  <\/div>\n\n\n<\/div><\/div>\n<div class=\"col grid-col small-12 large-4 grid-col-2-3\" data-animate=\"bounceIn\"><div class=\"col-inner\">\n\n  <div class=\"banner has-hover\" id=\"banner-67547320\">\n          <div class=\"banner-inner fill\">\n        <div class=\"banner-bg fill\" >\n            <div class=\"bg fill bg-fill \"><\/div>\n                                    \n                    <\/div>\n\t\t\n        <div class=\"banner-layers container\">\n            <div class=\"fill banner-link\"><\/div>            \n        <\/div>\n      <\/div>\n\n            \n<style>\n#banner-67547320 {\n  padding-top: 500px;\n  background-color: rgb(25, 25, 25);\n}\n#banner-67547320 .bg.bg-loaded {\n  background-image: url(https:\/\/webpkbida.vidoweb.vn\/wp-content\/uploads\/2020\/03\/bida7.jpg);\n}\n#banner-67547320 .ux-shape-divider--top svg {\n  height: 150px;\n  --divider-top-width: 100%;\n}\n#banner-67547320 .ux-shape-divider--bottom svg {\n  height: 150px;\n  --divider-width: 100%;\n}\n<\/style>\n  <\/div>\n\n\n<\/div><\/div>\n<div class=\"col grid-col small-15 large-4 grid-col-2-3\" data-animate=\"bounceIn\"><div class=\"col-inner\">\n\n  <div class=\"banner has-hover\" id=\"banner-835756520\">\n          <div class=\"banner-inner fill\">\n        <div class=\"banner-bg fill\" >\n            <div class=\"bg fill bg-fill \"><\/div>\n                                    \n                    <\/div>\n\t\t\n        <div class=\"banner-layers container\">\n            <div class=\"fill banner-link\"><\/div>            \n        <\/div>\n      <\/div>\n\n            \n<style>\n#banner-835756520 {\n  padding-top: 500px;\n  background-color: rgb(25, 25, 25);\n}\n#banner-835756520 .bg.bg-loaded {\n  background-image: url(https:\/\/webpkbida.vidoweb.vn\/wp-content\/uploads\/2020\/03\/bida2.jpg);\n}\n#banner-835756520 .ux-shape-divider--top svg {\n  height: 150px;\n  --divider-top-width: 100%;\n}\n#banner-835756520 .ux-shape-divider--bottom svg {\n  height: 150px;\n  --divider-width: 100%;\n}\n<\/style>\n  <\/div>\n\n\n<\/div><\/div>\n<div class=\"col grid-col small-14 large-4 grid-col-2-3\" data-animate=\"bounceIn\"><div class=\"col-inner\">\n\n  <div class=\"banner has-hover\" id=\"banner-1262169132\">\n          <div class=\"banner-inner fill\">\n        <div class=\"banner-bg fill\" >\n            <div class=\"bg fill bg-fill \"><\/div>\n                                    \n                    <\/div>\n\t\t\n        <div class=\"banner-layers container\">\n            <div class=\"fill banner-link\"><\/div>            \n        <\/div>\n      <\/div>\n\n            \n<style>\n#banner-1262169132 {\n  padding-top: 500px;\n  background-color: rgb(25, 25, 25);\n}\n#banner-1262169132 .bg.bg-loaded {\n  background-image: url(https:\/\/webpkbida.vidoweb.vn\/wp-content\/uploads\/2020\/03\/bida9-768x1024.jpg);\n}\n#banner-1262169132 .ux-shape-divider--top svg {\n  height: 150px;\n  --divider-top-width: 100%;\n}\n#banner-1262169132 .ux-shape-divider--bottom svg {\n  height: 150px;\n  --divider-width: 100%;\n}\n<\/style>\n  <\/div>\n\n\n<\/div><\/div>\n<div class=\"col grid-col small-12 large-4 grid-col-2-3\" data-animate=\"bounceIn\"><div class=\"col-inner\">\n\n  <div class=\"banner has-hover\" id=\"banner-376633614\">\n          <div class=\"banner-inner fill\">\n        <div class=\"banner-bg fill\" >\n            <div class=\"bg fill bg-fill \"><\/div>\n                                    \n                    <\/div>\n\t\t\n        <div class=\"banner-layers container\">\n            <div class=\"fill banner-link\"><\/div>            \n        <\/div>\n      <\/div>\n\n            \n<style>\n#banner-376633614 {\n  padding-top: 500px;\n  background-color: rgb(25, 25, 25);\n}\n#banner-376633614 .bg.bg-loaded {\n  background-image: url(https:\/\/webpkbida.vidoweb.vn\/wp-content\/uploads\/2020\/03\/bida11.jpg);\n}\n#banner-376633614 .bg {\n  background-position: 23% 22%;\n}\n#banner-376633614 .ux-shape-divider--top svg {\n  height: 150px;\n  --divider-top-width: 100%;\n}\n#banner-376633614 .ux-shape-divider--bottom svg {\n  height: 150px;\n  --divider-width: 100%;\n}\n<\/style>\n  <\/div>\n\n\n<\/div><\/div>\n<div class=\"col grid-col small-13 large-4 grid-col-2-3\" data-animate=\"bounceIn\"><div class=\"col-inner\">\n\n  <div class=\"banner has-hover\" id=\"banner-1765621219\">\n          <div class=\"banner-inner fill\">\n        <div class=\"banner-bg fill\" >\n            <div class=\"bg fill bg-fill \"><\/div>\n                                    \n                    <\/div>\n\t\t\n        <div class=\"banner-layers container\">\n            <div class=\"fill banner-link\"><\/div>            \n        <\/div>\n      <\/div>\n\n            \n<style>\n#banner-1765621219 {\n  padding-top: 500px;\n  background-color: rgb(25, 25, 25);\n}\n#banner-1765621219 .bg.bg-loaded {\n  background-image: url(https:\/\/webpkbida.vidoweb.vn\/wp-content\/uploads\/2020\/03\/bida7.jpg);\n}\n#banner-1765621219 .ux-shape-divider--top svg {\n  height: 150px;\n  --divider-top-width: 100%;\n}\n#banner-1765621219 .ux-shape-divider--bottom svg {\n  height: 150px;\n  --divider-width: 100%;\n}\n<\/style>\n  <\/div>\n\n\n<\/div><\/div>\n<div class=\"col grid-col small-12 large-4 grid-col-2-3\" data-animate=\"bounceIn\"><div class=\"col-inner\">\n\n  <div class=\"banner has-hover\" id=\"banner-90876760\">\n          <div class=\"banner-inner fill\">\n        <div class=\"banner-bg fill\" >\n            <div class=\"bg fill bg-fill \"><\/div>\n                                    \n                    <\/div>\n\t\t\n        <div class=\"banner-layers container\">\n            <div class=\"fill banner-link\"><\/div>            \n        <\/div>\n      <\/div>\n\n            \n<style>\n#banner-90876760 {\n  padding-top: 500px;\n  background-color: rgb(25, 25, 25);\n}\n#banner-90876760 .bg.bg-loaded {\n  background-image: url(https:\/\/webpkbida.vidoweb.vn\/wp-content\/uploads\/2020\/03\/bida1.jpg);\n}\n#banner-90876760 .bg {\n  background-position: 27% 21%;\n}\n#banner-90876760 .ux-shape-divider--top svg {\n  height: 150px;\n  --divider-top-width: 100%;\n}\n#banner-90876760 .ux-shape-divider--bottom svg {\n  height: 150px;\n  --divider-width: 100%;\n}\n<\/style>\n  <\/div>\n\n\n<\/div><\/div>\n<div class=\"col grid-col small-14 large-4 grid-col-2-3\" data-animate=\"bounceIn\"><div class=\"col-inner\">\n\n  <div class=\"banner has-hover\" id=\"banner-264252206\">\n          <div class=\"banner-inner fill\">\n        <div class=\"banner-bg fill\" >\n            <div class=\"bg fill bg-fill \"><\/div>\n                                    \n                    <\/div>\n\t\t\n        <div class=\"banner-layers container\">\n            <div class=\"fill banner-link\"><\/div>            \n        <\/div>\n      <\/div>\n\n            \n<style>\n#banner-264252206 {\n  padding-top: 500px;\n  background-color: rgb(25, 25, 25);\n}\n#banner-264252206 .bg.bg-loaded {\n  background-image: url(https:\/\/webpkbida.vidoweb.vn\/wp-content\/uploads\/2020\/03\/bida3.jpg);\n}\n#banner-264252206 .ux-shape-divider--top svg {\n  height: 150px;\n  --divider-top-width: 100%;\n}\n#banner-264252206 .ux-shape-divider--bottom svg {\n  height: 150px;\n  --divider-width: 100%;\n}\n<\/style>\n  <\/div>\n\n\n<\/div><\/div>\n<div class=\"col grid-col small-12 large-4 grid-col-2-3\" data-animate=\"bounceIn\"><div class=\"col-inner\">\n\n  <div class=\"banner has-hover\" id=\"banner-1339067280\">\n          <div class=\"banner-inner fill\">\n        <div class=\"banner-bg fill\" >\n            <div class=\"bg fill bg-fill \"><\/div>\n                                    \n                    <\/div>\n\t\t\n        <div class=\"banner-layers container\">\n            <div class=\"fill banner-link\"><\/div>            \n        <\/div>\n      <\/div>\n\n            \n<style>\n#banner-1339067280 {\n  padding-top: 500px;\n  background-color: rgb(25, 25, 25);\n}\n#banner-1339067280 .bg.bg-loaded {\n  background-image: url(https:\/\/webpkbida.vidoweb.vn\/wp-content\/uploads\/2020\/03\/bida5.jpg);\n}\n#banner-1339067280 .ux-shape-divider--top svg {\n  height: 150px;\n  --divider-top-width: 100%;\n}\n#banner-1339067280 .ux-shape-divider--bottom svg {\n  height: 150px;\n  --divider-width: 100%;\n}\n<\/style>\n  <\/div>\n\n\n<\/div><\/div>\n<div class=\"col grid-col small-13 large-4 grid-col-2-3\" data-animate=\"bounceIn\"><div class=\"col-inner\">\n\n  <div class=\"banner has-hover\" id=\"banner-951677049\">\n          <div class=\"banner-inner fill\">\n        <div class=\"banner-bg fill\" >\n            <div class=\"bg fill bg-fill \"><\/div>\n                                    \n                    <\/div>\n\t\t\n        <div class=\"banner-layers container\">\n            <div class=\"fill banner-link\"><\/div>            \n        <\/div>\n      <\/div>\n\n            \n<style>\n#banner-951677049 {\n  padding-top: 500px;\n  background-color: rgb(25, 25, 25);\n}\n#banner-951677049 .bg.bg-loaded {\n  background-image: url(https:\/\/webpkbida.vidoweb.vn\/wp-content\/uploads\/2020\/03\/bida6.jpg);\n}\n#banner-951677049 .ux-shape-divider--top svg {\n  height: 150px;\n  --divider-top-width: 100%;\n}\n#banner-951677049 .ux-shape-divider--bottom svg {\n  height: 150px;\n  --divider-width: 100%;\n}\n<\/style>\n  <\/div>\n\n\n<\/div><\/div>\n<div class=\"col grid-col small-13 large-4 grid-col-1-2\" data-animate=\"bounceIn\"><div class=\"col-inner\">\n\n  <div class=\"banner has-hover\" id=\"banner-16715472\">\n          <div class=\"banner-inner fill\">\n        <div class=\"banner-bg fill\" >\n            <div class=\"bg fill bg-fill \"><\/div>\n                                    \n                    <\/div>\n\t\t\n        <div class=\"banner-layers container\">\n            <div class=\"fill banner-link\"><\/div>            \n        <\/div>\n      <\/div>\n\n            \n<style>\n#banner-16715472 {\n  padding-top: 500px;\n  background-color: rgb(25, 25, 25);\n}\n#banner-16715472 .bg.bg-loaded {\n  background-image: url(https:\/\/webpkbida.vidoweb.vn\/wp-content\/uploads\/2020\/03\/bida8.jpg);\n}\n#banner-16715472 .ux-shape-divider--top svg {\n  height: 150px;\n  --divider-top-width: 100%;\n}\n#banner-16715472 .ux-shape-divider--bottom svg {\n  height: 150px;\n  --divider-width: 100%;\n}\n<\/style>\n  <\/div>\n\n\n<\/div><\/div>\n<div class=\"col grid-col small-13 large-4 grid-col-1-2\" data-animate=\"bounceIn\"><div class=\"col-inner\">\n\n  <div class=\"banner has-hover\" id=\"banner-1773894951\">\n          <div class=\"banner-inner fill\">\n        <div class=\"banner-bg fill\" >\n            <div class=\"bg fill bg-fill \"><\/div>\n                                    \n                    <\/div>\n\t\t\n        <div class=\"banner-layers container\">\n            <div class=\"fill banner-link\"><\/div>            \n        <\/div>\n      <\/div>\n\n            \n<style>\n#banner-1773894951 {\n  padding-top: 500px;\n  background-color: rgb(25, 25, 25);\n}\n#banner-1773894951 .bg.bg-loaded {\n  background-image: url(https:\/\/webpkbida.vidoweb.vn\/wp-content\/uploads\/2020\/03\/co-bida-lip-trung-cap-4-1024x768.jpg);\n}\n#banner-1773894951 .ux-shape-divider--top svg {\n  height: 150px;\n  --divider-top-width: 100%;\n}\n#banner-1773894951 .ux-shape-divider--bottom svg {\n  height: 150px;\n  --divider-width: 100%;\n}\n<\/style>\n  <\/div>\n\n\n<\/div><\/div>\n            <\/div>\n    <style>\n    #banner-grid-712205870 .grid-col-1{height: 600px}\n    #banner-grid-712205870 .grid-col-1-2{height: 300px}\n    #banner-grid-712205870 .grid-col-1-3{height:200px}\n    #banner-grid-712205870 .grid-col-2-3{height: 400px}\n    #banner-grid-712205870 .grid-col-1-4{height: 150px}\n    #banner-grid-712205870 .grid-col-3-4{height: 450px}\n\n\n    \n    \n\n  <\/style>\n    <\/div>\n  \n\n  <div class=\"banner has-hover\" id=\"banner-893741835\">\n          <div class=\"banner-inner fill\">\n        <div class=\"banner-bg fill\" >\n            <div class=\"bg fill bg-fill \"><\/div>\n                                    \n                    <\/div>\n\t\t\n        <div class=\"banner-layers container\">\n            <div class=\"fill banner-link\"><\/div>            \n   <div id=\"text-box-2037662288\" class=\"text-box banner-layer x50 md-x50 lg-x50 y50 md-y50 lg-y50 res-text\">\n                                <div class=\"text-box-content text dark\">\n              \n              <div class=\"text-inner text-center\">\n                  \n\t<div id=\"gap-735153804\" class=\"gap-element clearfix\" style=\"display:block; height:auto;\">\n\t\t\n<style>\n#gap-735153804 {\n  padding-top: 10px;\n}\n<\/style>\n\t<\/div>\n\t\n<h3><span style=\"font-size: 130%;\"><strong>Li\u00ean h\u1ec7 t\u01b0 v\u1ea5n ngay !<\/strong><\/span><\/h3>\n<p>Cam k\u1ebft v\u1ec1 ch\u1ea5t l\u01b0\u1ee3ng s\u1ea3n ph\u1ea9m, d\u1ecbch v\u1ee5, gi\u00e1 t\u1ed1t nh\u1ea5t th\u1ecb tr\u01b0\u1eddng.<\/p>\n<a href=\"tel:0937619962\" target=\"_self\" class=\"button white is-outline\"  style=\"border-radius:99px;\">\n  <i class=\"icon-phone\" aria-hidden=\"true\" ><\/i>  <span>0937 61 99 62<\/span>\n  <\/a>\n\n              <\/div>\n           <\/div>\n                            \n<style>\n#text-box-2037662288 {\n  width: 96%;\n}\n#text-box-2037662288 .text-box-content {\n  font-size: 142%;\n}\n@media (min-width:550px) {\n  #text-box-2037662288 {\n    width: 60%;\n  }\n  #text-box-2037662288 .text-box-content {\n    font-size: 100%;\n  }\n}\n<\/style>\n    <\/div>\n \n        <\/div>\n      <\/div>\n\n            \n<style>\n#banner-893741835 {\n  padding-top: 280px;\n  background-color: #0d771d;\n}\n#banner-893741835 .ux-shape-divider--top svg {\n  height: 150px;\n  --divider-top-width: 100%;\n}\n#banner-893741835 .ux-shape-divider--bottom svg {\n  height: 150px;\n  --divider-width: 100%;\n}\n<\/style>\n  <\/div>\n\n\n\t\t<\/div>\n\n\t\t\n<style>\n#section_748320037 {\n  padding-top: 0px;\n  padding-bottom: 0px;\n  background-color: rgb(32, 32, 32);\n}\n#section_748320037 .ux-shape-divider--top svg {\n  height: 150px;\n  --divider-top-width: 100%;\n}\n#section_748320037 .ux-shape-divider--bottom svg {\n  height: 150px;\n  --divider-width: 100%;\n}\n<\/style>\n\t<\/section>\n\t\n","protected":false},"excerpt":{"rendered":"","protected":false},"author":1,"featured_media":0,"parent":0,"menu_order":0,"comment_status":"closed","ping_status":"closed","template":"page-blank.php","meta":{"footnotes":""},"class_list":["post-1231","page","type-page","status-publish","hentry"],"yoast_head":"<!-- This site is optimized with the Yoast SEO plugin v25.7 - https:\/\/yoast.com\/wordpress\/plugins\/seo\/ -->\n<title>Album \u1ea2nh - Bida Tr\u1ea7n Ch\u00e2n<\/title>\n<meta name=\"robots\" content=\"noindex, follow, max-snippet:-1, max-image-preview:large, max-video-preview:-1\" \/>\n<meta property=\"og:locale\" content=\"vi_VN\" \/>\n<meta property=\"og:type\" content=\"article\" \/>\n<meta property=\"og:title\" content=\"Album \u1ea2nh - Bida Tr\u1ea7n Ch\u00e2n\" \/>\n<meta property=\"og:url\" content=\"https:\/\/webpkbida.vidoweb.vn\/?page_id=1231\" \/>\n<meta property=\"og:site_name\" content=\"Bida Tr\u1ea7n Ch\u00e2n\" \/>\n<meta property=\"article:publisher\" content=\"https:\/\/www.facebook.com\/phukienbidaTranChan\/\" \/>\n<meta property=\"article:modified_time\" content=\"2020-03-30T02:22:50+00:00\" \/>\n<meta name=\"twitter:card\" content=\"summary_large_image\" \/>\n<meta name=\"twitter:label1\" content=\"\u01af\u1edbc t\u00ednh th\u1eddi gian \u0111\u1ecdc\" \/>\n\t<meta name=\"twitter:data1\" content=\"2 ph\u00fat\" \/>\n<script type=\"application\/ld+json\" class=\"yoast-schema-graph\">{\"@context\":\"https:\/\/schema.org\",\"@graph\":[{\"@type\":\"WebPage\",\"@id\":\"https:\/\/webpkbida.vidoweb.vn\/?page_id=1231\",\"url\":\"https:\/\/webpkbida.vidoweb.vn\/?page_id=1231\",\"name\":\"Album \u1ea2nh - Bida Tr\u1ea7n Ch\u00e2n\",\"isPartOf\":{\"@id\":\"https:\/\/webpkbida.vidoweb.vn\/#website\"},\"datePublished\":\"2020-03-16T05:01:38+00:00\",\"dateModified\":\"2020-03-30T02:22:50+00:00\",\"breadcrumb\":{\"@id\":\"https:\/\/webpkbida.vidoweb.vn\/?page_id=1231#breadcrumb\"},\"inLanguage\":\"vi\",\"potentialAction\":[{\"@type\":\"ReadAction\",\"target\":[\"https:\/\/webpkbida.vidoweb.vn\/?page_id=1231\"]}]},{\"@type\":\"BreadcrumbList\",\"@id\":\"https:\/\/webpkbida.vidoweb.vn\/?page_id=1231#breadcrumb\",\"itemListElement\":[{\"@type\":\"ListItem\",\"position\":1,\"name\":\"Trang ch\u1ee7\",\"item\":\"https:\/\/webpkbida.vidoweb.vn\/\"},{\"@type\":\"ListItem\",\"position\":2,\"name\":\"Album \u1ea2nh\"}]},{\"@type\":\"WebSite\",\"@id\":\"https:\/\/webpkbida.vidoweb.vn\/#website\",\"url\":\"https:\/\/webpkbida.vidoweb.vn\/\",\"name\":\"Bida Tr\u1ea7n Ch\u00e2n\",\"description\":\"Chuy\u00ean Mua B\u00e1n Ph\u1ee5 Ki\u1ec7n Bida Ch\u1ea5t L\u01b0\u1ee3ng\",\"potentialAction\":[{\"@type\":\"SearchAction\",\"target\":{\"@type\":\"EntryPoint\",\"urlTemplate\":\"https:\/\/webpkbida.vidoweb.vn\/?s={search_term_string}\"},\"query-input\":{\"@type\":\"PropertyValueSpecification\",\"valueRequired\":true,\"valueName\":\"search_term_string\"}}],\"inLanguage\":\"vi\"}]}<\/script>\n<!-- \/ Yoast SEO plugin. -->","yoast_head_json":{"title":"Album \u1ea2nh - Bida Tr\u1ea7n Ch\u00e2n","robots":{"index":"noindex","follow":"follow","max-snippet":"max-snippet:-1","max-image-preview":"max-image-preview:large","max-video-preview":"max-video-preview:-1"},"og_locale":"vi_VN","og_type":"article","og_title":"Album \u1ea2nh - Bida Tr\u1ea7n Ch\u00e2n","og_url":"https:\/\/webpkbida.vidoweb.vn\/?page_id=1231","og_site_name":"Bida Tr\u1ea7n Ch\u00e2n","article_publisher":"https:\/\/www.facebook.com\/phukienbidaTranChan\/","article_modified_time":"2020-03-30T02:22:50+00:00","twitter_card":"summary_large_image","twitter_misc":{"\u01af\u1edbc t\u00ednh th\u1eddi gian \u0111\u1ecdc":"2 ph\u00fat"},"schema":{"@context":"https:\/\/schema.org","@graph":[{"@type":"WebPage","@id":"https:\/\/webpkbida.vidoweb.vn\/?page_id=1231","url":"https:\/\/webpkbida.vidoweb.vn\/?page_id=1231","name":"Album \u1ea2nh - Bida Tr\u1ea7n Ch\u00e2n","isPartOf":{"@id":"https:\/\/webpkbida.vidoweb.vn\/#website"},"datePublished":"2020-03-16T05:01:38+00:00","dateModified":"2020-03-30T02:22:50+00:00","breadcrumb":{"@id":"https:\/\/webpkbida.vidoweb.vn\/?page_id=1231#breadcrumb"},"inLanguage":"vi","potentialAction":[{"@type":"ReadAction","target":["https:\/\/webpkbida.vidoweb.vn\/?page_id=1231"]}]},{"@type":"BreadcrumbList","@id":"https:\/\/webpkbida.vidoweb.vn\/?page_id=1231#breadcrumb","itemListElement":[{"@type":"ListItem","position":1,"name":"Trang ch\u1ee7","item":"https:\/\/webpkbida.vidoweb.vn\/"},{"@type":"ListItem","position":2,"name":"Album \u1ea2nh"}]},{"@type":"WebSite","@id":"https:\/\/webpkbida.vidoweb.vn\/#website","url":"https:\/\/webpkbida.vidoweb.vn\/","name":"Bida Tr\u1ea7n Ch\u00e2n","description":"Chuy\u00ean Mua B\u00e1n Ph\u1ee5 Ki\u1ec7n Bida Ch\u1ea5t L\u01b0\u1ee3ng","potentialAction":[{"@type":"SearchAction","target":{"@type":"EntryPoint","urlTemplate":"https:\/\/webpkbida.vidoweb.vn\/?s={search_term_string}"},"query-input":{"@type":"PropertyValueSpecification","valueRequired":true,"valueName":"search_term_string"}}],"inLanguage":"vi"}]}},"_links":{"self":[{"href":"https:\/\/webpkbida.vidoweb.vn\/index.php?rest_route=\/wp\/v2\/pages\/1231","targetHints":{"allow":["GET"]}}],"collection":[{"href":"https:\/\/webpkbida.vidoweb.vn\/index.php?rest_route=\/wp\/v2\/pages"}],"about":[{"href":"https:\/\/webpkbida.vidoweb.vn\/index.php?rest_route=\/wp\/v2\/types\/page"}],"author":[{"embeddable":true,"href":"https:\/\/webpkbida.vidoweb.vn\/index.php?rest_route=\/wp\/v2\/users\/1"}],"replies":[{"embeddable":true,"href":"https:\/\/webpkbida.vidoweb.vn\/index.php?rest_route=%2Fwp%2Fv2%2Fcomments&post=1231"}],"version-history":[{"count":5,"href":"https:\/\/webpkbida.vidoweb.vn\/index.php?rest_route=\/wp\/v2\/pages\/1231\/revisions"}],"predecessor-version":[{"id":1645,"href":"https:\/\/webpkbida.vidoweb.vn\/index.php?rest_route=\/wp\/v2\/pages\/1231\/revisions\/1645"}],"wp:attachment":[{"href":"https:\/\/webpkbida.vidoweb.vn\/index.php?rest_route=%2Fwp%2Fv2%2Fmedia&parent=1231"}],"curies":[{"name":"wp","href":"https:\/\/api.w.org\/{rel}","templated":true}]}}